{"id":303,"date":"2019-10-22T13:11:39","date_gmt":"2019-10-22T11:11:39","guid":{"rendered":"http:\/\/lkwpavic.de\/wordpress\/?page_id=303"},"modified":"2023-11-08T16:32:52","modified_gmt":"2023-11-08T15:32:52","slug":"containerpritschen","status":"publish","type":"page","link":"https:\/\/lkwpavic.de\/LKW\/containerpritschen\/","title":{"rendered":"Containerpritschen"},"content":{"rendered":"<p><img loading=\"lazy\" class=\"product-image wp-image-2458  aligncenter\" src=\"https:\/\/lkwpavic.de\/wp-content\/uploads\/2023\/11\/image00002-300x225.jpeg\" alt=\"\" width=\"651\" height=\"488\" srcset=\"https:\/\/lkwpavic.de\/wp-content\/uploads\/2023\/11\/image00002-300x225.jpeg 300w, https:\/\/lkwpavic.de\/wp-content\/uploads\/2023\/11\/image00002-1024x768.jpeg 1024w, https:\/\/lkwpavic.de\/wp-content\/uploads\/2023\/11\/image00002-768x576.jpeg 768w, https:\/\/lkwpavic.de\/wp-content\/uploads\/2023\/11\/image00002-1536x1152.jpeg 1536w, https:\/\/lkwpavic.de\/wp-content\/uploads\/2023\/11\/image00002-2048x1536.jpeg 2048w\" sizes=\"(max-width: 651px) 100vw, 651px\" \/><br \/>Die Containerpritschen Fahrzeuge aus dem Hause PAVIC sind genau auf die Bed\u00fcrfnisse des Unternehmers zugeschnitten. Somit kann man mit dem LKW wie auch dem passenden Anh\u00e4nger Container von 10 oder 20 Fu\u00df tansportieren. MAN, VOLVO, SCANIA, MERCEDES Fahrgestelle verf\u00fcgbar.\u00a0<\/p>\n<p>Diese sind zudem als &#8222;3m&#8220; Sonderbreite durch die teleskopierbare Containerverriegelung verlad- und sicherbar. Des Weiteren hat unser ultra Niedrig gebauter Containerpritschenan\u00e4nger eine Ladeoberkante von nur 830mm und so ist das Transportieren von Containern \u00fcber 3 Meter Bauh\u00f6he auch gar kein Thema mehr.<\/p>\n<p>Die Hochwertige Verarbeitungsqualit\u00e4t l\u00e4sst keine W\u00fcnsche offen.<br \/>\u00dcberzeugen Sie sich selbst und sprechen uns an.<\/p>\n<p class=\"p-quad-img\"><img loading=\"lazy\" class=\"product-quad-img1 alignnone wp-image-2460 \" src=\"https:\/\/lkwpavic.de\/wp-content\/uploads\/2023\/11\/image00004-300x225.jpeg\" alt=\"\" width=\"405\" height=\"304\" srcset=\"https:\/\/lkwpavic.de\/wp-content\/uploads\/2023\/11\/image00004-300x225.jpeg 300w, https:\/\/lkwpavic.de\/wp-content\/uploads\/2023\/11\/image00004-1024x768.jpeg 1024w, https:\/\/lkwpavic.de\/wp-content\/uploads\/2023\/11\/image00004-768x576.jpeg 768w, https:\/\/lkwpavic.de\/wp-content\/uploads\/2023\/11\/image00004-1536x1152.jpeg 1536w, https:\/\/lkwpavic.de\/wp-content\/uploads\/2023\/11\/image00004-2048x1536.jpeg 2048w\" sizes=\"(max-width: 405px) 100vw, 405px\" \/> <img loading=\"lazy\" class=\"product-quad-img2  alignnone wp-image-2478 \" src=\"https:\/\/lkwpavic.de\/wp-content\/uploads\/2023\/11\/image00005-1-300x225.jpeg\" alt=\"\" width=\"404\" height=\"303\" srcset=\"https:\/\/lkwpavic.de\/wp-content\/uploads\/2023\/11\/image00005-1-300x225.jpeg 300w, https:\/\/lkwpavic.de\/wp-content\/uploads\/2023\/11\/image00005-1-1024x768.jpeg 1024w, https:\/\/lkwpavic.de\/wp-content\/uploads\/2023\/11\/image00005-1-768x576.jpeg 768w, https:\/\/lkwpavic.de\/wp-content\/uploads\/2023\/11\/image00005-1-1536x1152.jpeg 1536w, https:\/\/lkwpavic.de\/wp-content\/uploads\/2023\/11\/image00005-1-2048x1536.jpeg 2048w\" sizes=\"(max-width: 404px) 100vw, 404px\" \/> <img loading=\"lazy\" class=\"product-quad-img3   alignnone wp-image-2479 \" src=\"https:\/\/lkwpavic.de\/wp-content\/uploads\/2023\/11\/IMG_4517-300x225.jpeg\" alt=\"\" width=\"403\" height=\"302\" srcset=\"https:\/\/lkwpavic.de\/wp-content\/uploads\/2023\/11\/IMG_4517-300x225.jpeg 300w, https:\/\/lkwpavic.de\/wp-content\/uploads\/2023\/11\/IMG_4517-1024x768.jpeg 1024w, https:\/\/lkwpavic.de\/wp-content\/uploads\/2023\/11\/IMG_4517-768x576.jpeg 768w, https:\/\/lkwpavic.de\/wp-content\/uploads\/2023\/11\/IMG_4517-1536x1152.jpeg 1536w, https:\/\/lkwpavic.de\/wp-content\/uploads\/2023\/11\/IMG_4517-2048x1536.jpeg 2048w\" sizes=\"(max-width: 403px) 100vw, 403px\" \/> <img loading=\"lazy\" class=\"product-quad-img4 alignnone wp-image-2480 \" src=\"https:\/\/lkwpavic.de\/wp-content\/uploads\/2023\/11\/image00008-300x225.jpeg\" alt=\"\" width=\"403\" height=\"302\" srcset=\"https:\/\/lkwpavic.de\/wp-content\/uploads\/2023\/11\/image00008-300x225.jpeg 300w, https:\/\/lkwpavic.de\/wp-content\/uploads\/2023\/11\/image00008-1024x768.jpeg 1024w, https:\/\/lkwpavic.de\/wp-content\/uploads\/2023\/11\/image00008-768x576.jpeg 768w, https:\/\/lkwpavic.de\/wp-content\/uploads\/2023\/11\/image00008-1536x1152.jpeg 1536w, https:\/\/lkwpavic.de\/wp-content\/uploads\/2023\/11\/image00008-2048x1536.jpeg 2048w\" sizes=\"(max-width: 403px) 100vw, 403px\" \/><\/p>\n\n\n<p><\/p>\n","protected":false},"excerpt":{"rendered":"<p>Die Containerpritschen Fahrzeuge aus dem Hause PAVIC sind genau auf die Bed\u00fcrfnisse des Unternehmers zugeschnitten. Somit kann man mit dem LKW wie auch dem passenden Anh\u00e4nger Container von 10 oder 20 Fu\u00df tansportieren. MAN, VOLVO, SCANIA, MERCEDES Fahrgestelle verf\u00fcgbar.\u00a0 Diese sind zudem als &#8222;3m&#8220; Sonderbreite durch die teleskopierbare Containerverriegelung verlad- und sicherbar. Des Weiteren hat &hellip; <\/p>\n<p class=\"link-more\"><a href=\"https:\/\/lkwpavic.de\/LKW\/containerpritschen\/\" class=\"more-link\"><span class=\"screen-reader-text\">\u201eContainerpritschen\u201c<\/span> weiterlesen<\/a><\/p>\n","protected":false},"author":1,"featured_media":0,"parent":0,"menu_order":0,"comment_status":"closed","ping_status":"closed","template":"","meta":[],"aioseo_notices":[],"_links":{"self":[{"href":"https:\/\/lkwpavic.de\/LKW\/wp-json\/wp\/v2\/pages\/303"}],"collection":[{"href":"https:\/\/lkwpavic.de\/LKW\/wp-json\/wp\/v2\/pages"}],"about":[{"href":"https:\/\/lkwpavic.de\/LKW\/wp-json\/wp\/v2\/types\/page"}],"author":[{"embeddable":true,"href":"https:\/\/lkwpavic.de\/LKW\/wp-json\/wp\/v2\/users\/1"}],"replies":[{"embeddable":true,"href":"https:\/\/lkwpavic.de\/LKW\/wp-json\/wp\/v2\/comments?post=303"}],"version-history":[{"count":14,"href":"https:\/\/lkwpavic.de\/LKW\/wp-json\/wp\/v2\/pages\/303\/revisions"}],"predecessor-version":[{"id":2481,"href":"https:\/\/lkwpavic.de\/LKW\/wp-json\/wp\/v2\/pages\/303\/revisions\/2481"}],"wp:attachment":[{"href":"https:\/\/lkwpavic.de\/LKW\/wp-json\/wp\/v2\/media?parent=303"}],"curies":[{"name":"wp","href":"https:\/\/api.w.org\/{rel}","templated":true}]}}